{"id":1193,"date":"2023-02-22T15:46:38","date_gmt":"2023-02-22T14:46:38","guid":{"rendered":"https:\/\/tanzsportgarde-fcort.de\/?page_id=1193"},"modified":"2023-02-22T16:04:08","modified_gmt":"2023-02-22T15:04:08","slug":"unsere-zielsetzung","status":"publish","type":"page","link":"https:\/\/tanzsportgarde-fcort.de\/?page_id=1193","title":{"rendered":"Unsere Zielsetzung"},"content":{"rendered":"\n<p>Kinder sind unser wichtigstes Gut, denn sie sind unsere Zukunft. Die Bildungsdiskussion zeigt, dass Vereinen eine gr\u00f6\u00dfere Rolle bei der F\u00f6rderung der Kinder zukommt. Wir hier in Helmbrechts k\u00f6nnen von einer fl\u00e4chendeckenden und facettenreichen Vereinskultur sprechen und diese auch in vollen Z\u00fcgen genie\u00dfen. Hier ist f\u00fcr jede\/n etwas dabei.<\/p>\n\n\n\n<p>Es ist es wichtig, unsere Kinder m\u00f6glichst fr\u00fch und auch nachhaltig zu betreuen. Richtig bewegte Kinder werden in der Tat kl\u00fcger als so manch Fernsehhocker oder \u201cTablet-Swiper\u201d. Wir bieten einen Mix aus kameradschaftlichen Umgang, gepr\u00e4gt von Toleranz und Disziplin. Jede\/r kann Tanzen und\/oder Einrad fahren. Bei uns steht die F\u00f6rderung im Vordergrund. Mannschaftssport bedeutet R\u00fccksichtnahme, gegenseitiges Erlernen und Einf\u00fchlungsverm\u00f6gen. Bei uns steht dies vor dem Erfolg um jeden Preis. <\/p>\n\n\n\n<p>In der Schule wird mehr verlangt. Die Kinder uns Jugendlichen klagen h\u00e4ufiger \u00fcber eine Ersch\u00f6pfungsgef\u00fchl im schulischen Kontext. Wir erm\u00f6glichen den Sport, Schule und eventuell das ein oder andere Hobby miteinander ohne Druck zu verbinden. <\/p>\n\n\n\n<p><\/p>\n","protected":false},"excerpt":{"rendered":"<p>Kinder sind unser wichtigstes Gut, denn sie sind unsere Zukunft. Die Bildungsdiskussion zeigt, dass Vereinen eine gr\u00f6\u00dfere Rolle bei der F\u00f6rderung der Kinder zukommt. Wir hier in Helmbrechts k\u00f6nnen von einer fl\u00e4chendeckenden und facettenreichen Vereinskultur sprechen und diese auch in vollen Z\u00fcgen genie\u00dfen. Hier ist f\u00fcr jede\/n etwas dabei. Es ist es wichtig, unsere Kinder m\u00f6glichst fr\u00fch und auch nachhaltig zu betreuen. Richtig bewegte Kinder werden in der Tat kl\u00fcger als so manch Fernsehhocker oder \u201cTablet-Swiper\u201d. Wir bieten einen Mix aus kameradschaftlichen Umgang, gepr\u00e4gt von Toleranz und Disziplin. Jede\/r kann Tanzen und\/oder Einrad fahren. Bei uns steht die F\u00f6rderung im Vordergrund. Mannschaftssport bedeutet R\u00fccksichtnahme, gegenseitiges Erlernen und Einf\u00fchlungsverm\u00f6gen. Bei uns steht dies vor dem Erfolg um jeden Preis. In der Schule wird mehr verlangt. Die Kinder uns Jugendlichen klagen h\u00e4ufiger \u00fcber eine Ersch\u00f6pfungsgef\u00fchl im schulischen Kontext. Wir erm\u00f6glichen den Sport, Schule und eventuell das ein oder andere Hobby miteinander ohne Druck zu verbinden.<\/p>\n","protected":false},"author":1,"featured_media":0,"parent":0,"menu_order":0,"comment_status":"closed","ping_status":"closed","template":"","meta":{"footnotes":""},"class_list":["post-1193","page","type-page","status-publish","hentry"],"_links":{"self":[{"href":"https:\/\/tanzsportgarde-fcort.de\/index.php?rest_route=\/wp\/v2\/pages\/1193","targetHints":{"allow":["GET"]}}],"collection":[{"href":"https:\/\/tanzsportgarde-fcort.de\/index.php?rest_route=\/wp\/v2\/pages"}],"about":[{"href":"https:\/\/tanzsportgarde-fcort.de\/index.php?rest_route=\/wp\/v2\/types\/page"}],"author":[{"embeddable":true,"href":"https:\/\/tanzsportgarde-fcort.de\/index.php?rest_route=\/wp\/v2\/users\/1"}],"replies":[{"embeddable":true,"href":"https:\/\/tanzsportgarde-fcort.de\/index.php?rest_route=%2Fwp%2Fv2%2Fcomments&post=1193"}],"version-history":[{"count":2,"href":"https:\/\/tanzsportgarde-fcort.de\/index.php?rest_route=\/wp\/v2\/pages\/1193\/revisions"}],"predecessor-version":[{"id":1198,"href":"https:\/\/tanzsportgarde-fcort.de\/index.php?rest_route=\/wp\/v2\/pages\/1193\/revisions\/1198"}],"wp:attachment":[{"href":"https:\/\/tanzsportgarde-fcort.de\/index.php?rest_route=%2Fwp%2Fv2%2Fmedia&parent=1193"}],"curies":[{"name":"wp","href":"https:\/\/api.w.org\/{rel}","templated":true}]}}